mainder when r is divided by 9?
7
Suppose 0 = 2*f - 50 + 10. Let a(x) = -x**3 - 3*x**2 + 2. Let b be a(-2). Calculate the remainder when f is divided by (-22)/((-1 + 2)*b).
9
Suppose -5*d + 25 = 0, -5*o - d + 225 = -0*d. Suppose 0 = -5*q + 5*h + 55, q - h - o = -3*q. Calculate the remainder when 31 is divided by q.
9
Let p(j) = -2*j - 10. Calculate the remainder when 45/((-1 - -3) + -1) is divided by p(-13).
13
Let p(y) = 110*y**2 + 2*y - 4 + 0*y - 37*y**2 + 3. Calculate the remainder when p(1) is divided by 25.
24
Let h = 3 - -1. Suppose 3*o + h - 13 = 0. Calculate the remainder when 5 is divided by o.
2
Suppose 0 = 5*b - 2*z - 258, -2*z - 52 - 106 = -3*b. Calculate the remainder when b is divided by 20.
10
Suppose -4*d = -3*m + 149, 3*m = 2*d + 134 + 23. Calculate the remainder when m is divided by 15.
10
Suppose z + 2*i - 4*i = 3, -10 = -2*z + 3*i. Suppose -3 = -d + 11. What is the remainder when z is divided by (18/21)/(2/d)?
5
Let w(f) = -11*f**3 - f**2 - f. Suppose z = 2*m - m, 0 = -2*m + 5*z. Suppose m = -5*k - 2 - 3. Calculate the remainder when w(k) is divided by 6.
5
Let x be 0 - (2 + -2) - -19. Suppose 3*a - x = -2*d + 3, 0 = -3*d - 5*a + 35. What is the remainder when d is divided by 2?
1
Let t(w) = w + 33. What is the remainder when 59 is divided by t(-3)?
29
Let a = -4 - -11. Calculate the remainder when 6*a + -3 + 6 is divided by 16.
13
Let p(s) = s**2 + 11*s + 12. Suppose 0 = -4*m - 16, m = 2*f + 3*f + 51. What is the remainder when (-1)/(-1) - -2*10 is divided by p(f)?
9
Calculate the remainder when 1/(-4) - 4/(64/(-420)) is divided by 9.
8
Suppose 3*x - 14 = -3*o + 1, 0 = -3*x + 3*o - 9. Suppose 19 = 5*q - 131. What is the remainder when q is divided by (32/(-40))/(x/(-20))?
14
Let x(b) = 2*b - 7. Calculate the remainder when 17 is divided by x(6).
2
Let j = -9 + 30. What is the remainder when j is divided by 11?
10
Let t(f) = -30*f**2 - 2*f + 3. Let s(h) = 91*h**2 + 6*h - 10. Let j(y) = -2*s(y) - 7*t(y). Let u = 25 + -17. Calculate the remainder when j(1) is divided by u.
5
Suppose 57 + 53 = -5*z. Let c = z - -27. Calculate the remainder when 8 is divided by c.
3
Suppose -12 = -b + 2*b. Calculate the remainder when 15 is divided by b*-2*(-1)/(-3).
7
Suppose -6*x + 11 = -43. Calculate the remainder when 115 is divided by x.
7
Suppose 58 = 6*d - 80. Calculate the remainder when d is divided by 2/(-2) + -3 + 16.
11
Suppose -x = -0*x - 14. Suppose 3*y + z - x - 4 = 0, 3*z - 9 = 0. Calculate the remainder when 17 is divided by y.
2
Let c(t) = t**3 - 26*t**2 - 23*t - 10. Calculate the remainder when c(27) is divided by 50.
48
Suppose 0 = 4*o - 5*o + 7. What is the remainder when 29 is divided by o?
1
What is the remainder when 143 is divided by -5 + (-82)/(-2) - -1?
32
Suppose 5*r + 3*y - 294 = 0, 4*y - 15 = -y. What is the remainder when r is divided by 29?
28
Let k = -80 - -130. Suppose -k = -5*i + 2*y, -70 = -6*i + i - 2*y. Calculate the remainder when 35 is divided by i.
11
What is the remainder when 39 is divided by 2 + 0 + 76/4?
18
Suppose x - 57 = -3*n - 0*x, -n = -2*x - 19. Suppose 5*y - 95 = -5*q, 3*y = -0*y - 4*q + 55. Let s = 57 - y. Calculate the remainder when s is divided by n.
17
Let y = 161 + -97. Calculate the remainder when y is divided by 13.
12
Suppose 15 = -3*v, -2*v - 30 = -a + v. What is the remainder when 44 is divided by a?
14
Suppose -2*u = 3*u + 5. Let y = u - -3. Calculate the remainder when 4 is divided by y.
0
Let l(g) = 9*g**2 + 2*g**2 + 0 + 2*g - 1. Let t(d) = -d**3 + 12*d**2 + 7. What is the remainder when l(1) is divided by t(12)?
5
Let r(j) = j**2 - 2*j - 1. Calculate the remainder when 34 is divided by r(4).
6
Let x be (-52)/(1/(-1)*1). Suppose -2*u = -0*u - x. Calculate the remainder when u is divided by 7.
5
Let w(d) = -17*d - 25. What is the remainder when w(-6) is divided by 20?
17
Let h = 14 + 7. What is the remainder when h is divided by 12?
9
Let a = 10 + -8. Calculate the remainder when (12 - a) + 2 + 1 is divided by 5.
3
Suppose -4*j - 15 = -99. Calculate the remainder when j is divided by 11.
10
Suppose -38 = u - 2*u - 3*w, 4*u - w - 100 = 0. Suppose 3*a - 4*l = -0*a + u, 3*l = -15. What is the remainder when 5 is divided by a?
1
Suppose 0 = -3*i + 52 + 8. Calculate the remainder when 57 is divided by i.
17
Suppose 0 = -v + 12 + 7. Let d = -5 + 7. Suppose -5*i + d*y + 272 = y, y - 58 = -i. What is the remainder when i is divided by v?
17
Let j be (12/6)/(2/8). Calculate the remainder when 22 is divided by 3 - 20/(j/(-2)).
6
Let z = 2 + 0. Let x = z - -46. Suppose -6*n + 2*n + x = 0. What is the remainder when 34 is divided by n?
10
Let y = -12 + 21. Let v(k) = -k**2 + 12*k - 1. Suppose -9 = -0*i - i. Calculate the remainder when v(y) is divided by i.
8
Let k = -1 + 4. Suppose -20 = 4*i, -3*y + 43 = i - 0*i. Let g = y + k. What is the remainder when g is divided by 7?
5
Suppose -14 = -b - 55. Let h be b/(-2) - (-6)/(-4). Suppose -r + 5*s = -0*s - 23, -r + s + h = 0. What is the remainder when 52 is divided by r?
16
Suppose -5*v + 16 = 3*l - 94, 88 = 4*v - l. What is the remainder when v is divided by 6?
4
Suppose 6 + 9 = 3*u. Let b(p) = -p**3 + 7*p + 2. Let j(g) = -g. Let l(z) = b(z) + 6*j(z). What is the remainder when l(-2) is divided by u?
3
Suppose -5*q + 130 = 5*o, -4*o + 3*o + 23 = -2*q. Calculate the remainder when 73 is divided by o.
23
Let d(m) = m**2 - 9*m + 5. Let r be d(9). Suppose -2*q + 125 = 4*g + 3*q, 3*g - 85 = r*q. What is the remainder when g is divided by 11?
8
Suppose -23 = -3*b - 2. What is the remainder when 24 is divided by b?
3
Suppose 4*v + 10 = -46. Let o = -4 - v. Suppose 0 = -3*n + 4 + 14. Calculate the remainder when o is divided by n.
4
Suppose -2*c = -5*c + 6. Suppose -69 + 7 = -c*x. Calculate the remainder when x is divided by 11.
9
Let j be 6/15 + (-943)/(-5). Suppose -3*w + 47 = 5*b, -5*w + 5*b - 44 = -j. What is the remainder when w is divided by 13?
11
Let x(c) = -c**3 - 5*c**2 - 4. Let o be x(-5). Let l be o/(-10) - 548/20. Let g = -2 - l. What is the remainder when 48 is divided by g?
23
Let i(x) = 5*x**2 - 2*x - 1. Let t be i(-2). Suppose -q - 3*l + t = 6, 4*q = l + 120. What is the remainder when q is divided by 10?
9
Let p(n) = 14*n + 4. Let z be p(-6). Let a be z/(-6) - 6/(-9). Suppose -a = -v - 1. What is the remainder when 24 is divided by v?
11
Suppose -54 = 4*a - 5*a. Calculate the remainder when 269 is divided by a.
53
Suppose -4*b - 6*t = -t - 703, 3*b = -3*t + 528. What is the remainder when b is divided by 36?
33
Let i(q) = q - 3. Let j be i(7). Suppose 3*v - 2*v - 9 = 5*k, j*v - 13 = -3*k. Calculate the remainder when 9 is divided by v.
1
Let s(r) = r**3 - 10*r**2 + 8*r + 9. Let q be s(8). Let p(d) = -48*d. Let j be p(-2). Let v = q + j. What is the remainder when v is divided by 11?
8
Suppose -2*r - t + 398 = -0*t, -3*t + 997 = 5*r. Suppose -4*y - 5*n = -r, -n = -2*y - 2*y + 215. What is the remainder when y is divided by 18?
17
Calculate the remainder when -45*(16/(-5))/8 is divided by 5.
3
Suppose 0*s + 6*s - 18 = 0. Suppose -40 = -4*x - 0*p - 5*p, 0 = s*x + 2*p - 37. Calculate the remainder when x is divided by 4.
3
Suppose 0 = -2*d + 79 + 21. What is the remainder when d is divided by 14?
8
Let v(o) = -3*o + 9. Let t = 0 + 7. Calculate the remainder when v(-6) is divided by t.
6
Calculate the remainder when (-138)/(-8) + (5/4)/(-5) is divided by 4.
1
Let w = 12 + 9. Suppose -3*y = -172 - 134. Calculate the remainder when y is divided by w.
18
Let q be 5/(-3)*30/(-2). Calculate the remainder when 15 is divided by (-36)/(-10) + 10/q.
3
Calculate the remainder when 22 is divided by 20 + -4 + 0 - 4.
10
Suppose 3*n = -4*n + 490. What is the remainder when n is divided by 37?
33
Let a = -3 + 9. Let x = 9 - 5. Suppose x*s = -4*f + 88, -19 = -s - 4*f + a*f. Calculate the remainder when s is divided by 11.
10
What is the remainder when -3 - (-77)/3 - 3/(-9) is divided by 12?
11
Suppose 20 = 5*d, -5*d + 1 = -h - 3. Calculate the remainder when h is divided by 9.
7
Suppose -2*o = -17 + 5. Suppose -h + 120 - 40 = 0. Suppose -4*q - q + h = 0. What is the remainder when q is divided by o?
4
What is the remainder when (-165)/9*(-3)/1 is divided by 14?
13
Suppose 7*v = 2*v. Suppose 0*n + 5*n + g - 30 = v, -30 = -5*n - 4*g. Calculate the rema